1 = 0. Suppose -9*d - t = -10*d. List the prime factors of 3*(d + -2) + 74/2.
2, 17
Let r(u) = u**3 + 10*u**2 + 24*u - 1. Let j be r(-5). Suppose j*f - 215 = 4*p + 2333, -1925 = -3*f - 4*p. What are the prime factors of f?
3, 71
Let i(w) be the first derivative of 5/3*w**3 - 17 + 1/4*w**4 + w + w**2. List the prime factors of i(-2).
3
Let o(n) = -2793*n**3 - n**2 + 20*n + 41. List the prime factors of o(-2).
3, 11, 677
Let g(m) = 58*m - 54. Suppose 26*y = 13 + 143. What are the prime factors of g(y)?
2, 3, 7
Suppose -3*f + 6*f - 4*s = 3907, -5*f - 4*s + 6565 = 0. Suppose 0*h + h - 431 = -4*l, 4*l - f = -3*h. List the prime factors of h.
439
Let v(f) = -218*f - 113. Let z(a) = -73*a - 37. Let u(j) = -6*v(j) + 17*z(j). List the prime factors of u(5).
2, 3
Let d = 12888 + 575. List the prime factors of d.
13463
Let f(l) be the second derivative of 4*l**5/5 + l**4/4 - l**3/6 - l**2/2 + 121*l. List the prime factors of f(2).
137
Suppose -8*g - 95 = 25. List the prime factors of (2*g/(-2))/(74/2368).
2, 3, 5
Suppose 5*q - 4679 = -0*r - 4*r, 3*q - 3*r = 2802. Let z = q - 527. List the prime factors of z.
2, 3, 17
Let q be ((-3)/(-18)*0)/3. Suppose -2520 = -q*k - 8*k. Let w = 467 - k. What are the prime factors of w?
2, 19
What are the prime factors of 8/(-48)*3*-33762?
3, 17, 331
Let z be -2 + (-154)/(-99) - 80/(-18). Suppose -z*r = -2*r - 3*o - 2584, -5*r + o + 6460 = 0. What are the prime factors of r?
2, 17, 19
Let v(k) = -48*k - 17 - 444*k + 72*k. List the prime factors of v(-2).
823
Let x(r) = -9*r + 58. Let l be x(6). Suppose 6*j = -l*j + 2210. List the prime factors of j.
13, 17
List the prime factors of ((-82182)/9)/(90/1305 + (-64)/87).
13697
Suppose 5*f = 3*v + 2*v - 85, -2*f + 57 = 5*v. Suppose 4*i - 153 = -j, 0 = 18*i - v*i + 5. What are the prime factors of j?
157
Let m = 10509 + -2786. List the prime factors of m.
7723
Let x = 803 - 278. What are the prime factors of x?
3, 5, 7
List the prime factors of ((12936/10)/(-1) + -4)/(1/(-5)).
2, 811
Suppose -3*b - 32065 = -5*w, 3*w + 23*b - 19239 = 19*b. List the prime factors of w.
11, 53
Let h be 6/(48/1000) - 1. Suppose -3*r = 2*c + h - 915, r - 396 = -c. What are the prime factors of c?
397
Let j(b) be the first derivative of -b**4/2 + 32*b**3/3 - 19*b**2/2 - 24*b - 50. What are the prime factors of j(14)?
2, 13, 19
Let m(s) = -s**3 - 16*s**2 + s + 133. List the prime factors of m(-30).
12703
Let k be 3/9 - 80/6. Let g(m) = m**3 + 12*m**2 - 17*m - 14. Let i be g(k). List the prime factors of i/(2*1/3).
3, 19
Let m(f) be the second derivative of -199*f**5/20 + f**4/4 - 19*f**3/6 - 21*f**2/2 - 155*f. What are the prime factors of m(-1)?
2, 5
Suppose 0 = -407*q + 417*q - 17520. List the prime factors of q.
2, 3, 73
Suppose 8*i - 3*i - 5*j - 105 = 0, 0 = -5*i - 2*j + 133. Let d be 2*5/i + (-2433)/(-5). Suppose -58 = -5*p + d. List the prime factors of p.
109
Suppose 2*j - 10*h = -11*h - 45, 2*h = j + 20. Let x = j + 57. Let u = x - -117. What are the prime factors of u?
2, 19
Let g be -4 + 4 - 104*-2. Suppose 4*b - g = 168. Suppose 2*f + b = 2*t + 7*f, 4*f = -4*t + 212. List the prime factors of t.
3, 19
Let q(v) = 4*v**3 - v**2 - 27*v + 17377. List the prime factors of q(0).
17377
Let f(r) = -696*r + 10. Let q be f(-1). Suppose 0*j - 2*j + q = -5*k, 2 = -k. What are the prime factors of j?
2, 3, 29
Suppose 26 = 2*c - 4*g, 5*c - 2*g - 65 = -6*g. Let d be 13/c - (-1)/1. Suppose 0 = -d*m + 141 - 19. List the prime factors of m.
61
Suppose -8*v = 5*y - 5*v - 32880, 0 = y - 4*v - 6576. What are the prime factors of y?
2, 3, 137
Let x = 36171 - 8799. What are the prime factors of x?
2, 3, 2281
List the prime factors of (21918/(-1405))/(-1 + (-3053)/(-3055)).
3, 13, 47
Suppose -144*c + 138*c = -5586. Let t = -406 + c. List the prime factors of t.
3, 5, 7
Suppose 0 = d + 307 - 80. Let m = 1016 - d. List the prime factors of m.
11, 113
Suppose 115*q - 12720 = 110*q. Suppose 0 = 21*s - q - 7452. List the prime factors of s.
2, 7, 17
Suppose -35*p + 32*p - 12 = 0, -5*p = o - 21165. What are the prime factors of o?
5, 19, 223
Let b be (-5)/(-4)*(-10)/25*8. Let d(h) = -h**3 - 4*h**2 - 2. Let w be d(b). List the prime factors of 180/4*(w/(-6))/1.
3, 5
Let n(x) = -4*x - 17. Let a be n(-5). Suppose a*m - 1088 = -m. Suppose 2*j = 230 + m. What are the prime factors of j?
251
What are the prime factors of (-6 + (-181458)/(-24))*4?
3, 7, 1439
Suppose -17529 = -3*y - 3*a, y - 2*a = 4*y - 17526. List the prime factors of y.
2, 5, 73
Suppose 2*v + 4*v - 66 = 0. Suppose 1340 = 4*o - 2*k, -5*o + 9*k = v*k - 1693. List the prime factors of o.
337
Let j = -12637 + 21688. What are the prime factors of j?
3, 7, 431
Suppose 65*q + 15293 - 101234 = 38*q. List the prime factors of q.
3, 1061
Let w be 2/((-48)/28 - 2/7). Let r be w/2*3*(-774)/27. Suppose 39*d - r*d + 380 = 0. List the prime factors of d.
5, 19
Let o(m) = 1032*m - 3973. List the prime factors of o(29).
5, 29, 179
Suppose f = -p - 16 + 26, 2*p = 5*f + 20. What are the prime factors of (1/(p/24))/((-93)/(-6975))?
2, 3, 5
Let t(h) = h**3 - 36*h**2 + 141*h - 102. What are the prime factors of t(45)?
2, 3, 2039
Let d(t) = -2*t**2 + 121*t + 5721. List the prime factors of d(0).
3, 1907
Let t(j) = -j**3 + 26*j**2 + 33*j - 2. Suppose x - 2*p = 25, 4*p = -8*x + 4*x + 112. What are the prime factors of t(x)?
2, 5
Suppose -8640 = -4*i + l, -4*i + 5550 = 4*l - 3090. Suppose -9*o - o = -i. Suppose -q = -w + 72, 3*q - o = -3*w + 5*q. What are the prime factors of w?
2, 3
What are the prime factors of (-50*1/2)/(60/(-49980))?
5, 7, 17
Suppose 50862 = -185*z + 192*z. Suppose 4078 = 16*m - z. What are the prime factors of m?
709
Suppose 2*t = -2*r - 8, -42*t + r - 26 = -38*t. List the prime factors of -18*((-8)/t)/(6/(-114)).
2, 3, 19
What are the prime factors of (-68)/(-13 - 4)*3088?
2, 193
Let y = -7 + 12. Suppose 0 = 5*i - 0 - y. What are the prime factors of (11/(-1))/((-2)/10*i)?
5, 11
Let h = -1762 + 4330. List the prime factors of h.
2, 3, 107
Suppose 2415 = 3*w + f, -3*w + 4*w = -4*f + 816. Suppose 78 = -2*t + w. List the prime factors of t.
3, 11
Suppose -342335 = -163*g + 415615. List the prime factors of g.
2, 3, 5, 31
Let p(h) = 38*h**2 + 3*h - 354. What are the prime factors of p(-27)?
3, 61, 149
Suppose 8*v - 2*v = -558. Let l = -90 - v. What are the prime factors of (l - 2) + 101 + -5?
97
Let h(s) = -4*s + 38. Let u be h(11). List the prime factors of u - (-691 - (0 + 1)).
2, 7
Suppose 4*k = -2*k + 18. Let w be (-3 - -4)/1 - (-7 + k). Let g(q) = 22*q + 8. What are the prime factors of g(w)?
2, 59
Suppose -3*w = 4*k - 4335, -1423 = -9*w + 8*w - 5*k. List the prime factors of w.
1453
Let x(h) be the third derivative of h**5/30 - h**4/12 + 296*h**3/3 - h**2 - 21*h. List the prime factors of x(0).
2, 37
Let q be 934/(-6) - (6 - 17/3). Let l = q + 379. Let r = l + -126. List the prime factors of r.
97
Suppose -1716916 = -85*c + 1712409. What are the prime factors of c?
5, 8069
Let p(n) = 14375*n**2 + 15*n + 15. List the prime factors of p(-1).
5, 23
Suppose -661935 = -32*j - 121071. What are the prime factors of j?
2, 3, 313
Suppose -5*j - 21*y + 219153 = -20*y, 2*y + 43846 = j. List the prime factors of j.
2, 5479
List the prime factors of (2/2)/((-193)/(-1930579)).
7, 1429
Let d = 123 - 132. Let q(m) = 3*m**2 - m + 31. List the prime factors of q(d).
283
Suppose -2 = 2*x + 2*x + 2*z, -5*x + 35 = -5*z. Let q be (424 + 12)*2/x. Suppose -4*l + 414 + 42 = 5*i, -l = -5*i + q. What are the prime factors of i?
2, 11
Suppose -4*q + 81754 = 2*v - 41022, -4*q - 184154 = -3*v. Suppose 64*z - v = 25*z. What are the prime factors of z?
2, 787
Let d be (-11 + (-50)/(-4))*10/3. Suppose -186 = -3*h - d*u + 836, u = -2*h + 693. List the prime factors of h.
349
Let b(g) = -g**3 - 31*g**2 - 26*g + 117. Let l be b(-30). What are the prime factors of -1*15*(-46 - (6 + l))?
3, 5, 7
Let n be -1*5 - (-14 - (8 - 9)). Suppose 78 = n*h - 642. What are the prime factors of h?
2, 3, 5
Suppose 2*c = 88 - 22. Let k = -36 + c. What are the prime factors of (-4)/(-8)*(2 + k)*-362?
181
Let u(h) = -37*h - 10. Let l(x) = 73*x + 18. Let p(a) = -2*l(a) - 5*u(a). Let c be p(-2). Let s = c + 128. What are the prime factors of s?
2
Let z(u) = -150*u - 116 + 247 + 659*u - 165. What are the prime fa